ided by 8452?
980
Calculate the remainder when 593900 is divided by 13587.
9659
Calculate the remainder when 7186913 is divided by 156.
149
What is the remainder when 295104 is divided by 36729?
1272
What is the remainder when 2090826 is divided by 1674?
0
What is the remainder when 1064498 is divided by 47?
42
What is the remainder when 1590489 is divided by 4382?
4205
Calculate the remainder when 5765119 is divided by 80.
79
What is the remainder when 29068 is divided by 110?
28
Calculate the remainder when 10189575 is divided by 1870.
1815
Calculate the remainder when 41773798 is divided by 196121.
25
Calculate the remainder when 529906 is divided by 182.
104
What is the remainder when 5363206 is divided by 5363194?
12
What is the remainder when 23858442 is divided by 120?
42
What is the remainder when 48800 is divided by 46598?
2202
What is the remainder when 1427290 is divided by 713631?
28
Calculate the remainder when 42609903 is divided by 71.
34
Calculate the remainder when 727245 is divided by 171.
153
Calculate the remainder when 1890171 is divided by 85.
26
What is the remainder when 86383 is divided by 21019?
2307
What is the remainder when 888220 is divided by 4791?
1885
What is the remainder when 8840039 is divided by 1167?
14
Calculate the remainder when 780009 is divided by 64998.
33
What is the remainder when 8938908 is divided by 2591?
2549
What is the remainder when 721424 is divided by 193?
183
What is the remainder when 2786923 is divided by 38?
3
Calculate the remainder when 6350458 is divided by 6350450.
8
What is the remainder when 182789 is divided by 60896?
101
What is the remainder when 53296 is divided by 17438?
982
Calculate the remainder when 36747709 is divided by 646.
645
Calculate the remainder when 227110755 is divided by 42.
39
Calculate the remainder when 949654 is divided by 73028.
290
What is the remainder when 815867 is divided by 97?
0
Calculate the remainder when 71285519 is divided by 23761825.
44
What is the remainder when 4564733 is divided by 5?
3
Calculate the remainder when 1135637 is divided by 178.
175
Calculate the remainder when 544859 is divided by 15659.
12453
Calculate the remainder when 5554239 is divided by 3273.
3231
What is the remainder when 699337 is divided by 372?
349
What is the remainder when 1228087 is divided by 76?
3
What is the remainder when 17357264 is divided by 1101?
1100
What is the remainder when 127915918 is divided by 9581?
9568
What is the remainder when 1113653 is divided by 159081?
86
What is the remainder when 971757 is divided by 1315?
1287
What is the remainder when 378874 is divided by 94402?
1266
What is the remainder when 175247 is divided by 80356?
14535
Calculate the remainder when 6342904 is divided by 240.
184
Calculate the remainder when 1345269 is divided by 32030.
9
What is the remainder when 879447 is divided by 64?
23
Calculate the remainder when 8271 is divided by 3341.
1589
What is the remainder when 79275378 is divided by 94827?
6
What is the remainder when 12755144 is divided by 4251708?
20
What is the remainder when 184878 is divided by 45269?
3802
Calculate the remainder when 1481761 is divided by 1390.
21
Calculate the remainder when 3388569 is divided by 376506.
15
What is the remainder when 23983956 is divided by 55?
51
What is the remainder when 11015841 is divided by 35?
11
What is the remainder when 88124 is divided by 14662?
152
Calculate the remainder when 59108295 is divided by 83.
11
What is the remainder when 285699 is divided by 23?
16
Calculate the remainder when 6732488 is divided by 374025.
38
Calculate the remainder when 5739720 is divided by 59.
23
What is the remainder when 1683601 is divided by 48102?
31
What is the remainder when 3648872 is divided by 2489?
2487
What is the remainder when 1217623 is divided by 16911?
31
Calculate the remainder when 1382029 is divided by 145.
34
Calculate the remainder when 1163435 is divided by 12927.
5
Calculate the remainder when 4758673 is divided by 4.
1
What is the remainder when 16090399 is divided by 4637?
9
Calculate the remainder when 9336545 is divided by 137302.
9
What is the remainder when 26383039 is divided by 23?
15
Calculate the remainder when 144377 is divided by 5665.
2752
What is the remainder when 472391 is divided by 235958?
475
What is the remainder when 147053 is divided by 20997?
74
Calculate the remainder when 164534 is divided by 2004.
206
What is the remainder when 96431 is divided by 15959?
677
Calculate the remainder when 44568 is divided by 245.
223
Calculate the remainder when 605991 is divided by 100.
91
Calculate the remainder when 4436737 is divided by 1.
0
What is the remainder when 8010 is divided by 6015?
1995
What is the remainder when 8540333 is divided by 8540308?
25
Calculate the remainder when 915102 is divided by 5942.
34
Calculate the remainder when 175447 is divided by 3310.
17
What is the remainder when 8731 is divided by 4408?
4323
What is the remainder when 45241850 is divided by 149313?
11
What is the remainder when 944931 is divided by 3094?
1261
Calculate the remainder when 80039 is divided by 19224.
3143
Calculate the remainder when 22668454 is divided by 54.
10
Calculate the remainder when 10925825 is divided by 587.
581
What is the remainder when 9165954 is divided by 369?
363
What is the remainder when 101735 is divided by 543?
194
Calculate the remainder when 8972428 is divided by 15.
13
What is the remainder when 17494108 is divided by 6?
4
What is the remainder when 841414 is divided by 72?
22
Calculate the remainder when 64602549 is divided by 25.
24
Calculate the remainder when 2192407 is divided by 6725.
57
Calculate the remainder when 51575 is divided by 4591.
1074
What is the remainder when 3361299375 is divided by 376?
375
What is the remainder when 1889778 is divided by 13794?
0
What is the remainder when 614051 is divided by 33678?
7847
What is the remainder when 118423 is divided by 2337?
1573
What is the remainder when 3828 is divided by 107?
83
What is the remainder when 49552 is divided by 123?
106
Calculate the remainder when 1443050 is divided by 3272.
98
What is the remainder when 94337 is divided by 47149?
39
Calculate the remainder when 28458 is divided by 320.
298
Calculate the remainder when 5149 is divided by 5136.
13
Calculate the remainder when 18905 is divided by 5297.
3014
What is the remainder when 11580920 is divided by 139?
135
What is the remainder when 1567631 is divided by 1567592?
39
Calculate the remainder when 2450641 is divided by 790.
61
Calculate the remainder when 9653 is divided by 2224.
757
Calculate the remainder when 22257 is divided by 5343.
885
What is the remainder when 955387 is divided by 29849?
219
What is the remainder when 67502563 is divided by 46?
1
What is the remainder when 1921498 is divided by 913?
546
Calculate the remainder when 8161209 is divided by 6.
3
What is the remainder when 274001 is divided by 136925?
151
What is the remainder when 855449 is divided by 26732?
25
What is the remainder when 46661672 is divided by 85?
72
Calculate the remainder when 52374503 is divided by 690.
53
What is the remainder when 2020513 is divided by 1010252?
9
What is the remainder when 33064 is divided by 1683?
1087
Calculate the remainder when 11507296 is divided by 158.
156
What is the remainder when 41336 is divided by 450?
386
What is the remainder when 1548897 is divided by 798?
777
Calculate the remainder when 1390537 is divided by 1641.
610
Calculate the remainder when 648705 is divided by 323278.
2149
Calculate the remainder when 188647 is divided by 227.
10
What is the remainder when 8023637 is divided by 48?
5
Calculate the remainder when 279623200 is divided by 5032.
5024
What is the remainder when 391412 is divided by 2289?
2282
Calculate the remainder when 348534 is divided by 6703.
6681
What is the remainder when 15260965 is divided by 34?
31
Calculate the remainder when 2348657 is divided by 6947.
571
What is the remainder when 464004 is divided by 463986?
18
What is the remainder when 396129 is divided by 421?
389
Calculate the remainder when 238906 is divided by 39814.
22
What is the remainder when 6167650 is divided by 18247?
164
What is the remainder when 16157442 is div